1407184
In base 10, what is 57 - 825?
-768
In base 9, what is 712 - 658?
43
In base 4, what is -2130 + -2322332?
-2331122
In base 13, what is -305a4 - 5?
-305a9
In base 11, what is -4 - 104919?
-104922
In base 2, what is 1000110 - -101111101?
111000011
In base 14, what is -2 - -51b2?
51b0
In base 7, what is 0 + 15014532?
15014532
In base 10, what is 831734 + -3?
831731
In base 9, what is 10 + 4521?
4531
In base 5, what is 1111 + -342440?
-341324
In base 8, what is 21 - 5576?
-5555
In base 10, what is -1593 + 207?
-1386
In base 9, what is -120 + -361?
-481
In base 2, what is 1101 + 1011010100010?
1011010101111
In base 2, what is -11 + -1001011000001?
-1001011000100
In base 11, what is -43 + 3710?
3678
In base 3, what is -21010021 - 210?
-21011001
In base 12, what is 225 + 1409?
1632
In base 16, what is 877e6a - -3?
877e6d
In base 16, what is 4ca3 - -5?
4ca8
In base 3, what is 2011021 + 22021?
2110112
In base 6, what is -4254 - -35?
-4215
In base 12, what is 75 - 7591?
-7518
In base 9, what is -1035 - 31?
-1066
In base 2, what is 1011000 + -10100111010000?
-10100101111000
In base 6, what is 110143 + 202?
110345
In base 6, what is 2502122 + -2?
2502120
In base 4, what is -131203032 - -20?
-131203012
In base 12, what is 62a - -3?
631
In base 15, what is -1 + -132?
-133
In base 4, what is 2010330032 - 2?
2010330030
In base 14, what is 81bb4 + 5?
81bb9
In base 5, what is -10 + 41244101?
41244041
In base 14, what is -29688 + a?
-2967c
In base 2, what is -101 + -1010110011000001?
-1010110011000110
In base 8, what is -537 + 3541?
3002
In base 9, what is -8 - -10500?
10481
In base 2, what is -110 + -100010100010100?
-100010100011010
In base 5, what is -23 - -1314104?
1314031
In base 5, what is -4 - -100212?
100203
In base 6, what is -11 + 32422054?
32422043
In base 4, what is 23 + -2000031?
-2000002
In base 16, what is -130 + -1ba?
-2ea
In base 2, what is 11 + 1010000010011000?
1010000010011011
In base 2, what is 1000101100111 + 101110?
1000110010101
In base 3, what is -11021010 + -221?
-11022001
In base 11, what is 2 - 11992?
-11990
In base 11, what is 39a01 + -6?
399a6
In base 16, what is -b54d - a2?
-b5ef
In base 3, what is -22021022 + -120?
-22021212
In base 14, what is 21 - b6c?
-b4b
In base 5, what is -2 + 12403011?
12403004
In base 15, what is 1 - -15dac?
15dad
In base 2, what is 111101010011 + -101?
111101001110
In base 8, what is -1 + -2233014?
-2233015
In base 16, what is -4 - 37b?
-37f
In base 8, what is -3 - 2232304?
-2232307
In base 10, what is -5 - 458284?
-458289
In base 6, what is 104 - 304?
-200
In base 3, what is -11 + 1100002220?
1100002202
In base 14, what is bd + -63?
5a
In base 11, what is 195 - -415?
5aa
In base 14, what is d7 + -2?
d5
In base 9, what is -11 - -16510?
16488
In base 11, what is 3 + 573745?
573748
In base 7, what is 214653 + -4?
214646
In base 8, what is 17175 - 2?
17173
In base 6, what is -40503 + 344?
-40115
In base 6, what is -1 + 15113525?
15113524
In base 15, what is 1 + -17a60?
-17a5e
In base 6, what is 33033204 - 1?
33033203
In base 10, what is -12 + 6243?
6231
In base 2, what is -1111000 + 1100111111?
1011000111
In base 4, what is 2 - 131110032?
-131110030
In base 6, what is 232 + 342?
1014
In base 10, what is 2710126 - 3?
2710123
In base 2, what is -101 + -111011101110010111011?
-111011101110011000000
In base 10, what is -2 + -148558?
-148560
In base 2, what is 1000 + -10001010011000?
-10001010010000
In base 12, what is -4 - 28155?
-28159
In base 7, what is 40 + 214311?
214351
In base 8, what is -7531 - 763?
-10514
In base 15, what is -5 - 28d9?
-28de
In base 2, what is -1000000001000 - 11111110?
-1000100000110
In base 11, what is -1628 + 633?
-aa5
In base 2, what is -10000000 - 10010000111?
-10100000111
In base 3, what is -11 - 12111020?
-12111101
In base 12, what is -5426 - 5?
-542b
In base 16, what is 7bb0 + 3?
7bb3
In base 15, what is 21a1 + -50?
2151
In base 11, what is -199 + 134?
-65
In base 4, what is -30 - 10330?
-11020
In base 15, what is -b6306 - 2?
-b6308
In base 11, what is 3 + -6324?
-6321
In base 15, what is -4 - -d0009?
d0005
In base 5, what is -11023013 - 3?
-11023021
In base 12, what is 3 - 4a097?
-4a094
In base 2, what is 100100111 + -11110101100?
-11010000101
In base 13, what is 3071a + 4?
30721
In base 12, what is 3 - 9b06?
-9b03
In base 8, what is 1377104 + 2?
1377106
In base 5, what is -334 - 11143?
-12032
In base 3, what is 11 + -102021101?
-102021020
In base 3, what is 12 + 110121112220?
110121120002
In base 2, what is -1010 - 10100111110000010?
-10100111110001100
In base 11, what is -4 + 7119?
7115
In base 2, what is -1 + 11011011010?
11011011001
In base 7, what is -234 - -2343?
2106
In base 2, what is 1100 - 1001100010011000?
-1001100010001100
In base 6, what is 111 + -154440?
-154325
In base 12, what is -6122a0 + -3?
-6122a3
In base 12, what is -31984 + 3?
-31981
In base 7, what is 616 - -1602?
2521
In base 10, what is -71 + 9383?
9312
In base 14, what is -12 - -da54?
da42
In base 7, what is -245131 - 5?
-245136
In base 3, what is -20020012 - 121012?
-20211101
In base 7, what is 3051 - -2?
3053
In base 16, what is a5 + 81?
126
In base 16, what is 45 + 123e?
1283
In base 16, what is 2 + 19c9?
19cb
In base 15, what is 5 + 12ca?
12d0
In base 12, what is 5 + 11a88?
11a91
In base 2, what is -1100001101 + -10101011?
-1110111000
In base 8, what is -4 - -614052?
614046
In base 4, what is 232 - 10322211?
-10321313
In base 10, what is 3 - -89884?
89887
In base 13, what is -15 + -338a?
-33a2
In base 11, what is 2 - 2206?
-2204
In base 6, what is -10304 - -1?
-10303
In base 16, what is 2dfa - -2?
2dfc
In base 10, what is 12 + 56732?
56744
In base 15, what is -14 - -2d8?
2c4
In base 9, what is 8 + 205254?
205263
In base 7, what is 514102 + 3?
514105
In base 16, what is -1 + -57a77?
-57a78
In base 4, what is 10203323 + -320?
10203003
In base 6, what is 45345043 - 2?
45345041
In base 2, what is -11000 + 10010111011001110?
10010111010110110
In base 9, what is -30836 + 1?
-30835
In base 7, what is -114 - -253?
136
In base 7, what is -5 + 621150?
621142
In base 14, what is -1 + 154a76?
154a75
In base 3, what is -20 + -112001120102?
-112001120122
In base 11, what is 2 + 10976?
10978
In base 11, what is 83 - 200?
-128
In base 10, what is -52 + -14451?
-14503
In base 14, what is 1180 - -5?
1185
In base 5, what is 11 + 11023111?
11023122
In base 8, what is 3 + -2303240?
-2303235
In base 13, what is -378 - 40?
-3b8
In base 11, what is -57038 - -13?
-57025
In base 7, what is 20 + -15214?
-15164
In base 7, what is -2466 - -4520?
2021
In base 11, what is 64 - 16?
49
In base 4, what is 3 - 203302?
-203233
In base 15, what is 395eb9 + -5?
395eb4
In base 12, what is -3 - 1458?
-145b
In base 16, what is -37b0 + 0?
-37b0
In base 5, what is 111010120 - 10?
111010110
In base 5, what is 2240 - 1044?
1141
In base 16, what is 24df - -77?
2556
In base 10, what is -73 - -2660?
2587
In base 2, what is 11110101110010 - 1000101?
11110100101101
In base 5, what is 21 + -101044?
-101023
In base 2, what is -10 + 101101010001101101101?
101101010001101101011
In base 8, what is 31 - -21635?
21666
In base 5, what is -12 + 14203434?
14203422
In base 12, what is 18a - b2?
98
In base 16, what is 1 - -12749?
1274a
In base 14, what is -13b422 + -4?
-13b426
In base 2, what is -11000010110 - 1011?
-11000100001
In base 6, what is 3220 - 45250?
-42030
In base 15, what is -67d7 + -69?
-6851
In base 11, what is 5 - 36452?
-36448
In base 4, what is -3323 - -1322002?
1312013
In base 10, what is -157825 - -5?
-157820
In base 16, what is 90 - -1f2e?
1fbe
In base 6, what is -1335 - -40?
-1255
In base 7, what is -6 + 1252636?
1252630
In base 4, what is -1103012233 - 2?
-1103012301
In base 6, what is -4103400 - 13?
-4103413
In base 5, what is -14344431 - 0?
-14344431
In base 11, what is -2548 - 99?
-2636
In base 6, what is -15542 + 215?
-15323
In base 6, what is -50231 - -40?
-50151
In base 16, what is -1 - -215f0?
215ef
In base 4, what is -23331202 + 3?
-23331133
In base 4, what is 3220203331 + -11?
3220203320
In base 4, what is 2 - -1303122312?
1303122320
In base 9, what is 5884728 - -3?
5884732
In base 9, what is -83463 + 1?
-83462
In base 8, what is -3 - 22?
-25
In base 10, what is -68 - -3974?
3906
In base 12, what is 24 - -1b37a?
1b3a